{"id":69,"date":"2016-10-21T23:43:45","date_gmt":"2016-10-21T21:43:45","guid":{"rendered":"http:\/\/cybernetique.info\/editions\/?post_type=product&#038;p=69"},"modified":"2016-12-14T20:45:51","modified_gmt":"2016-12-14T19:45:51","slug":"camille-et-paul-claudel-une-enfance-en-tardenois","status":"publish","type":"product","link":"https:\/\/bleulefit.com\/editions\/p\/camille-et-paul-claudel-une-enfance-en-tardenois\/","title":{"rendered":"Camille et Paul Claudel, Une enfance en Tardenois"},"content":{"rendered":"<p>L\u2019enfance de Camille et de Paul Claudel s\u2019enracine dans le pays du Tardenois (en Picardie) o\u00f9 tous deux sont n\u00e9s, l\u2019une dans le bourg de F\u00e8re-en-Tardenois et l\u2019autre dans le village de Villeneuve-sur-F\u00e8re. Leur accent, un peu rocailleux \u00a0le r\u00e9v\u00e8le. Tout comme La Fontaine, Racine, Alexandre Dumas, ils viennent de cette ancienne province d\u2019\u00cele-de-France. Ils en parlent la langue pure, \u00e9maill\u00e9e de mots de \u00a0patois.<\/p>\n<p>Pas d\u2019enfance sans anc\u00eatres. Remontant le temps, l\u2019ouvrage s\u2019attache aux gens de Villeneuve auxquels la m\u00e8re de Paul et Camille, Louise-Ath\u00e9na\u00efse Claudel (n\u00e9e Cerveaux), est affili\u00e9e par ses parents maternels les Thierry. A l\u2019ancien presbyt\u00e8re h\u00e9rit\u00e9 des Thierry, des paysans embourgeois\u00e9s, \u00a0les Claudel pr\u00e9f\u00e8rent la maison face \u00e0 l\u2019\u00e9glise construite par l\u2019oncle paternel, cur\u00e9 du lieu. Tout jeunes encore, Paul et Camille \u00e9coutent avec avidit\u00e9 les histoires de famille transmises par leur servante Victoire Brunet, une vieille fille du pays.<\/p>\n<p>Dans sa splendide aust\u00e9rit\u00e9, sa rudesse, son \u00e2pret\u00e9,\u00a0 le Tardenois est une extraordinaire source d\u2019inspiration pour le fr\u00e8re et la s\u0153ur rappelle Jacques Parsi dans sa pr\u00e9face. Leur imagination anime les paysages charg\u00e9s de l\u00e9gende. Les rochers monstrueux de la Hott\u00e9e du diable pr\u00e9figurent les sculptures de l\u2019artiste statuaire. La grotte du G\u00e9yn, la Fontaine de la Sibylle, la ferme de Combernon, b\u00e2tissent les d\u00e9cors du premier th\u00e9\u00e2tre du dramaturge. Lui-m\u00eame se projette en C\u00e9b\u00e8s et en Simon Agnel, deux paysans d\u2019ici (<em>T\u00eate d\u2019Or<\/em>) et en Turelure le pl\u00e9b\u00e9ien promu notable \u00e0 l\u2019exemple des Thierry (<em>l\u2019Otage<\/em>). En Mara et en Violaine se devinent les conflits qui opposent Camille et Louise (<em>l\u2019Annonce faite \u00e0 Marie<\/em>).<\/p>\n","protected":false},"excerpt":{"rendered":"<p>Dans cet ouvrage consacr\u00e9 \u00e0 l\u2019enfance, en Tardenois, de Camille et Paul Claudel, Marie-Victoire Nantet, interroge leur vocation sous la forme d\u2019une enqu\u00eate portant sur leurs anc\u00eatres, leur milieu familial, leurs lectures et occupations.<\/p>\n","protected":false},"featured_media":70,"comment_status":"closed","ping_status":"closed","template":"","meta":[],"product_brand":[],"product_cat":[7],"product_tag":[],"class_list":{"0":"post-69","1":"product","2":"type-product","3":"status-publish","4":"has-post-thumbnail","6":"product_cat-presences-du-patrimoine","8":"first","9":"instock","10":"shipping-taxable","11":"purchasable","12":"product-type-simple"},"_links":{"self":[{"href":"https:\/\/bleulefit.com\/editions\/wp-json\/wp\/v2\/product\/69","targetHints":{"allow":["GET"]}}],"collection":[{"href":"https:\/\/bleulefit.com\/editions\/wp-json\/wp\/v2\/product"}],"about":[{"href":"https:\/\/bleulefit.com\/editions\/wp-json\/wp\/v2\/types\/product"}],"replies":[{"embeddable":true,"href":"https:\/\/bleulefit.com\/editions\/wp-json\/wp\/v2\/comments?post=69"}],"wp:featuredmedia":[{"embeddable":true,"href":"https:\/\/bleulefit.com\/editions\/wp-json\/wp\/v2\/media\/70"}],"wp:attachment":[{"href":"https:\/\/bleulefit.com\/editions\/wp-json\/wp\/v2\/media?parent=69"}],"wp:term":[{"taxonomy":"product_brand","embeddable":true,"href":"https:\/\/bleulefit.com\/editions\/wp-json\/wp\/v2\/product_brand?post=69"},{"taxonomy":"product_cat","embeddable":true,"href":"https:\/\/bleulefit.com\/editions\/wp-json\/wp\/v2\/product_cat?post=69"},{"taxonomy":"product_tag","embeddable":true,"href":"https:\/\/bleulefit.com\/editions\/wp-json\/wp\/v2\/product_tag?post=69"}],"curies":[{"name":"wp","href":"https:\/\/api.w.org\/{rel}","templated":true}]}}